5/(-10) - l/(-4). What is the greatest common factor of y and 5?
5
Suppose 5*v - 15 = -c, -7 = 3*v + 2. Let m be -77*(-3)/(-6)*-10. Let b = -367 + m. What is the highest common factor of c and b?
6
Let j be ((-8)/56*-14)/((-2)/(-30)). Suppose j*r = 128 - 8. What is the highest common factor of r and 19?
1
Let r(d) = -52 + 12 + 221*d - 215*d. Let v be r(10). What is the highest common factor of v and 90?
10
Let s be (-46 + -17)*16/(-28). Calculate the greatest common factor of s and 5616.
36
Suppose 0 = -5*d - m + 38, 53 = -4*m + 85. What is the greatest common divisor of d and 81?
3
Suppose -107*v - 22*v + 2132 + 3415 = 0. What is the greatest common divisor of 1075 and v?
43
Suppose -5*w + 137*y = 139*y - 40748, 32580 = 4*w - 3*y. Calculate the greatest common divisor of 168 and w.
84
Suppose -2*c - 267 = -3*d + 99, -5*d + 5*c = -600. What is the greatest common factor of 112 and d?
14
Suppose 69 = -4*a - 3. Let n = a + 19. Let t = n + 17. Calculate the highest common divisor of 12 and t.
6
Let a = 111 - 97. Let o(z) = 4*z**2 - 13*z - 6. Let t be o(-9). Suppose -6*p = -909 - t. Calculate the greatest common factor of a and p.
14
Let r = -2348 + 2491. Let v(d) = 12*d + 2. Let q be v(2). Calculate the greatest common factor of q and r.
13
Let n(y) = 25*y**2 + 48*y + 86. Let j be n(-7). Calculate the highest common divisor of j and 637.
13
Suppose 13*y - 280 - 58 = 0. Suppose -2*g = -16 - y. What is the greatest common factor of 7 and g?
7
Let l = 29499 + -29477. Let t(v) = 22*v. Let m be t(1). What is the highest common divisor of l and m?
22
Suppose 0 = -213*s + 214*s + 4*r - 31, -s + 2*r + 25 = 0. Calculate the highest common factor of 117 and s.
9
Let h(d) = d**2 - 21*d + 164. Let g be h(11). What is the highest common divisor of 9612 and g?
54
Let x = -158 + 158. Suppose x = -26*p + 29*p - 168. Calculate the greatest common divisor of p and 28.
28
Let l be (-1168)/1460 - (-2)/(-3*(-5)/31146). What is the highest common divisor of 24 and l?
24
Suppose -5*k + 2047 = -218. Suppose -41 = -19*a + k. Let x be 3/3 - (-1 - 50). Calculate the highest common factor of a and x.
26
Let m be -2 - (-260 + 1395/45 + (-18)/2). Suppose 3*w + 2*d = 167, -3*w + 65 = -3*d - 127. What is the greatest common divisor of w and m?
59
Let v be (-6)/(-16) - (-2380060)/1888. What is the greatest common factor of 52 and v?
13
Let q be (570/(-18))/((-55)/132). Calculate the greatest common divisor of q and 2375.
19
Suppose 48 = q - 5*v, 5*v - 55 = -4*q + 212. Suppose 105*m - 5653 = 52*m - 2314. What is the greatest common factor of q and m?
63
Suppose -5*m = r - 1135, -m - 2*r + 218 = -0*r. Let g be 360/140*(-196)/(-6) - (5 - -3). Calculate the highest common divisor of g and m.
76
Suppose -3*c - 3*q = -183, -3*c - 2*q = -4*q - 208. Calculate the highest common factor of c and 1738.
22
Let y = 28 + -4. Let v(j) = 6*j + 4. Let t be v(2). Suppose -a - 5*h - 5 = -21, -a + h = -t. Calculate the greatest common factor of a and y.
8
Let b = -2913 - -2926. Suppose -2*w + 0 = 24. Let z be (w/(-16))/((-3)/(-468)). Calculate the highest common divisor of b and z.
13
Let l(p) = 10*p**3 + 23*p**2 - 195*p - 18. Let u be l(6). Calculate the greatest common divisor of u and 136.
8
Suppose -2*u - 8 = -2*v + 38, 79 = -3*u + v. Let l = u + 36. Suppose 10*n - 320 = l*n. What is the highest common factor of n and 32?
32
Let f(l) = -2*l - 10. Let x be f(-6). Suppose 4*z + 13 = -v + 2*v, 5*z + 13 = -x*v. Let y be -66*(-5)/(-15)*z. Calculate the highest common factor of y and 6.
6
Suppose -106 = -4*c + 1162. Let p = 357 - c. Calculate the greatest common factor of 20 and p.
20
Let z be 32/40*15/6. Suppose -4*m = -z*m - 360. Suppose -5*p + 3*v + m = 0, -2*p + 3*v + 81 = -0*v. What is the highest common divisor of p and 22?
11
Suppose 13*c - 32*c = -133. Let r be ((-6)/c)/((-32)/14 + 2). Suppose 4*t - 13 = p, 7*t = 2*t + 2*p + 20. What is the highest common divisor of r and t?
1
Suppose 0 = 3*t + 2*c - 65, 6*t + 41 = 8*t - c. Calculate the highest common divisor of t and 81.
3
Let q(c) = -28*c**3 - c**2 + 2*c + 1. Let l be q(-1). Let t be (-3 - (-45)/6)/((-1)/6). Let g = t - -92. What is the highest common factor of g and l?
13
Let t(y) = 105*y - 1301. Let x be t(18). What is the highest common factor of x and 95?
19
Let j be 2*1*(-113)/2. Let d = -77 - j. Suppose 31*l - 397 = 513 - 73. Calculate the highest common divisor of d and l.
9
Let f be (-1)/((-1)/(-2))*-1. Suppose 1044 = 12*b - 6*b. Suppose 179*w - 5 = b*w. What is the highest common factor of f and w?
1
Let r(t) = 0*t + t**3 + 37 - 10*t**2 - 2*t + t - 5*t - t. Let y be r(11). What is the greatest common factor of y and 216?
27
Let p = -1837 + 2002. What is the highest common divisor of p and 600?
15
Let d = -344 + 728. Let n = 416 - d. What is the highest common factor of n and 272?
16
Let m(n) = 10*n**2 - 19*n + 310. Let q be m(9). Calculate the highest common divisor of 292 and q.
73
Let j be 10 - (-8)/(-16)*-62. Suppose -37 = 3*b - 160. What is the highest common factor of j and b?
41
Let y be (-5147)/(-19) - (-10)/95. Suppose -171 + y = 5*g. Calculate the greatest common factor of g and 110.
10
Let o(d) = -3*d**2 + 5*d + 14. Let y be o(-4). Let q be -3*312/y*3. Suppose 0 = c - 0*c - 78. Calculate the highest common factor of q and c.
26
Suppose -44*j - 13696 + 58224 = 0. What is the highest common factor of j and 176?
44
Suppose -i = 2*i - 810. Let z be (-1*7)/(-1) - 75/1500*-460. What is the highest common divisor of z and i?
30
Let q be (-4)/6 - (-556)/6. Let h = -12557 + 12787. Calculate the greatest common divisor of h and q.
46
Suppose -79*r + 83*r = 3*f - 8, -56 = -5*f - 4*r. What is the highest common divisor of f and 30?
2
Suppose -3 = -3*f + 2*b + 715, -3*f - b = -712. Suppose -3*p + f = -1538. What is the highest common factor of p and 37?
37
Let q(i) = 4*i**2 + i + 2. Let r be q(-3). Suppose 6*l - 8*l - 12*x = -6*l + 1060, 0 = 3*x - 15. What is the greatest common factor of r and l?
35
Let x(u) = -u**3 + 18*u**2 - 25*u + 58. Let b be x(16). Let n(z) = -z**3 + 17*z**2 + 38*z + 20. Let f be n(19). What is the greatest common factor of b and f?
10
Let u = 553 - 553. Suppose u = -37*s + 2429 - 431. Calculate the greatest common divisor of 54 and s.
54
Suppose -2*m - c = -28, 17*c - 13*c - 16 = 0. Let y be (31/(-3))/((-61)/1098). Calculate the greatest common divisor of y and m.
6
Suppose 0 = 15*z - 2617 - 2558. Calculate the greatest common divisor of z and 483.
69
Let j(r) = r**2 - 9*r - 10. Let c be j(11). Let x(z) = -z**3 - 26*z**2 + 153*z + 26. Let v be x(-31). What is the greatest common factor of c and v?
4
Let a be 42/(-12)*(376*46)/(-8). What is the greatest common factor of 322 and a?
161
Let b be (49 - -2) + -185 + 199. What is the greatest common divisor of 5161 and b?
13
Suppose 0 = 3*o + 2*p - 43 + 29, -20 = -5*o - 5*p. Let z = 244 + -142. Calculate the highest common divisor of o and z.
6
Suppose -2*b = 4*y - 7338, 3*b - 33*y + 37*y - 11013 = 0. Calculate the highest common divisor of b and 420.
105
Let i(g) = g + 4. Suppose 45 = -l + 1. Let w = l + 56. Let q be i(w). What is the highest common factor of q and 16?
16
Let l be (16/(-12))/(2/(-72)). Let m be (-1)/2 - 93/2. Let t = 63 + m. Calculate the highest common divisor of l and t.
16
Let s(d) = 3*d**2 - 74*d - 13. Let h be s(25). Suppose h*n - 220 + 28 = 0. Calculate the greatest common factor of n and 12.
4
Let x be (-1)/11 + (-702)/143 + 100/4. What is the highest common divisor of x and 1956?
4
Suppose -84*h = -2*h - 29*h - 252545. Calculate the greatest common divisor of 10 and h.
5
Let w = 1614 + -324. Let g = w - 966. What is the highest common divisor of g and 24?
12
Let k be (6 + -3)/(-3) + 5. Let q be 1/(k/(-1) - 292/(-72)). What is the greatest common factor of q and 9?
9
Let v = -94 - -131. Let u = -2 + v. Suppose r = -5*n + u + 48, n + r - 19 = 0. What is the greatest common factor of 40 and n?
8
Suppose 16*n + 64*n - 2512 - 848 = 0. What is the highest common divisor of 364 and n?
14
Suppose 2*m = 4*m + 10. Let o(w) = w**3 + 4*w**2 - 5*w + 4. Let q be o(m). Suppose -u = 5, 5*f + q*u - 77 = -12. What is the highest common divisor of 85 and f?
17
Let v be (494/(-95) + 1)*20/(-3). What is the greatest common divisor of v and 770?
14
Let n b